-11 - (-2 + -7)) + (-5 - 2) - -18.
9
What is -163 + (-2 - 2) - (-40 - -33 - 6) - -5?
-149
What is the value of 615 + -617 + 21 + -1 + (3 - 4)?
17
46 - (72 + -25 - -4)
-5
Calculate -5 + (-2060 - -2117) + (2 - (4 - 2)).
52
-24 + -18 + 48 + -69
-63
What is 97 + 13 + -73 - -17?
54
Calculate -23 + (-24 - -20) - (-2 + 3 - -7).
-35
What is (86 - 26) + (15 + 1 - (39 + -16 - 16))?
69
What is (2 - (-28 + 16 + 22)) + 10 - (4 + 5)?
-7
Calculate 30 + (-20 - -35 - 30) + (-2 - -11).
24
What is the value of (-3946 - -3957) + (0 - 5 - -1)?
7
Calculate -888 + 888 - (2 - -52).
-54
-36 + (3 + -3 + 3 - 4 - (-7 - -1))
-31
Calculate 0 - (42 + -86 + -13).
57
What is -40 - ((0 - 9) + (-21 - ((-35 - -16) + 5)))?
-24
What is (28 + -110 - (-43 - -16)) + 13 + 1 + -1?
-42
Calculate 47 - (-83 - -110) - -4.
24
-56 + (31 - (5 - 81))
51
Calculate 56 + (-26 - ((-16 - 5) + 5)).
46
Calculate -1 - -147 - (-257 + 294).
109
What is (43 - -3 - 100) + 84?
30
-11 - (13 + 36 - 132 - (4 - (-7 - -3)))
80
What is 9 - 9 - (2 - 2) - (283 - 255)?
-28
Evaluate (-2 - 10) + 66 + -5 + (-26 - -14).
37
Calculate (9 + 2 - (-19 + 23 + 19)) + 16 + -30.
-26
Evaluate -8 - ((-7 - -1 - -3) + 6 - (21 - -40)).
50
-17 + 11 + -56 + 164
102
-2228 + 2155 + -4 + (-1 - -10)
-68
What is -11 - (-6 + -11 - -22 - -13)?
-29
What is the value of 2 - 9 - (-137 + 16 - 18 - -16)?
116
-11 + (6 - (10 - 6) - 1) + (469 - 522)
-63
-8 + -3 + -24 + 57 + -59
-37
Calculate (13 - (9 + -7 + 4)) + (-91 - 38).
-122
-101 - 2 - (689 - 781)
-11
-114 + -28 + 34 - -51
-57
Calculate -23 + 53 + -21 + -1 + -14.
-6
What is -2 - (-25 - (-24 + -37)) - 26?
-64
What is the value of (-37 - -119) + -330 + 160?
-88
Evaluate (6 - (16 + -9 - (-8 - -8)) - -6) + -45.
-40
Evaluate -10 - (-10 + -18 + 32).
-14
Evaluate -434 + 532 + -7 + -2 + 1.
90
Calculate -61 + 9 - -39 - (-39 + 2 - 3).
27
5 - ((-324 - -321) + (4 - -1)) - (-1 - -2)
2
Evaluate -25 + -1 + (-56 - -69) + 64 + 3.
54
Evaluate 0 + 1 + (-6 - (-5 - (-86 - -17))).
-69
What is (-11 - -1) + 55 + (-47 - -8)?
6
What is 4 + -11 + (4 - (6 + -10)) + 2 + -112?
-109
-11 + 0 - -5 - (168 - 173)
-1
28 + 20 + -35 + (-23 - 0)
-10
Calculate 0 + 0 + -9 - (-154 + (82 - -72)) - -16.
7
406 + -497 + (2 - (-4 - 0)) + 13
-72
(-26 - -27 - 10) + 14 + 6
11
What is -21 - (-15 + -3) - -10 - (-35 + 4 - -7)?
31
Evaluate (-54 - (66 - 65)) + 4.
-51
(-10 - (0 + -6)) + 4 + -43 + -15
-58
Calculate 132 + (-40 - (36 + -74)) - 33.
97
-31 - 2 - (479 + -504)
-8
Evaluate 69 + 19 + -24 + 7 - (-1 - 2).
74
What is 771 + -771 + (-1 - -4) + 5?
8
Calculate (2 - -12) + (6 + 6 - -2 - -10).
38
What is the value of 19 - (1 + 24 + 1 + -10 + -24)?
27
Calculate 6 + (14 + -20 - (-6 - 45)).
51
Calculate -21 + 2 + (-1 + 59 - -21) - (-2 + -5).
67
Calculate (2 - -42) + 120 + -150 + -26 + -2.
-14
What is (-69 - (6 - 58)) + (-14 - 4)?
-35
What is the value of -7 + 16 + (-83 - -1 - -80)?
7
What is -84 + 14 + (-11 - -87)?
6
Calculate -62 + (201 - (-65 - -142)).
62
Evaluate 38 - (30 + -50 + 5).
53
What is the value of (0 - 3) + 87 + -77 + 61 + 2?
70
-30 + -1 - (-9 + -2) - (-46 + 17)
9
Evaluate 34 - (0 - 1) - (-3 + (-11 - -15) + 9).
25
What is the value of 18 + (5 + 24 + -16 - (0 - -17)) - -69?
83
Calculate -3 - (-142 - -232 - 159).
66
What is (100 - 50) + 72 + (-30 - 5)?
87
Evaluate (-14 - -29) + -22 + (3 - (1 + 2)) - -21.
14
What is -5 + 1 - 7 - (-45 + 4 - -7)?
23
-13 + 0 + (-17 - -1 - (130 - 146))
-13
Calculate -2 + -2 + (-9 - ((13 - 18) + -17)).
9
What is 4 - (8 + -9 - -1 - -5) - -45?
44
4 + (6 - (-11 - -17)) + (-7 - 2)
-5
What is the value of -6 + -47 + 2 + -3 + (122 - 119)?
-51
Evaluate -10 + (-29 - (-22 + -3 - -15)).
-29
What is (33 + -6 - -4) + (4 - 95)?
-60
Evaluate 3 - (18 - (14 + -6 + -18)) - 50.
-75
Calculate -1 - -17 - (-198 - -268).
-54
Calculate 2 + 25 + -3 + 16 - (9 + -4 + -16).
51
(-1 - (21 + 1)) + 41070 + -41010
37
-41 - (-32 - (-21 + 21 - (1 + 12)))
-22
What is the value of -39 - (-33 + -8 - -21) - -19?
0
What is the value of -40 + -21 + 136 - -24?
99
What is the value of -519 - -534 - (9 - (8 - 4))?
10
What is the value of (1 - (-25 + 19 - 29)) + -29?
7
What is the value of (-2 - 13) + -25 - (24 - 19 - (-1 - 1))?
-47
What is the value of -10 - (8 + 4 + 40 + 2 + 3 + -7)?
-60
Calculate -17 + (28 - (-65 - -28)).
48
What is the value of 109 - 144 - -103 - (-2 - -4 - -10)?
56
What is the value of 21 - ((-177 - -14) + 82)?
102
What is the value of 38 + -1 + (-42 - (-24 - (26 + -5)))?
40
Calculate (-7730 - -7694) + (93 - 1).
56
What is the value of (11 - (-14 + 6)) + -43 - -14?
-10
Evaluate (80 - 32) + (4 - -4 - 21).
35
Calculate 73 - ((9 - (-20 + -7)) + -20).
57
Evaluate (1 - (19 - 9 - 7)) + 139 + -131.
6
What is 9 + (-5 - (6 - (6 + -9 + 5))) + 44?
44
Evaluate 0 - 15 - (-12 - -3) - (-6 + (3 - -22)).
-25
Evaluate 2 - (5 - (-47 + -3 + 13 + 0 + -10)).
-50
What is the value of -4 + 37 + 2 + (-64 - -26 - -20)?
17
What is 26 + 0 - (32 + 92 + -105)?
7
What is the value of -27 - (-34 + 35) - -31?
3
Evaluate -836 + 831 - (-33 - 2 - (-1 + 4)).
33
Evaluate (-9 - -1) + 7 + -15 - (0 - 98).
82
Calculate 14 + (-32 - (5 + -26)).
3
Evaluate (-1 - -16) + (5 - -3 - 18) + (19 - 124).
-100
What is -37 - (-26 + 0) - 8 - 52?
-71
What is 1 + (3 - 40) - (137 - 147)?
-26
Calculate (5 + -10 + -4 - 4) + 38 + -30.
-5
What is -39 + 42 + -95 + 36?
-56
15 + ((-5 - -10) + 10 - 11) - 11
8
Calculate 27 - (-4 + 46 - 28) - -6.
19
Evaluate 3 - (-326 + 333 + (11 - 1)).
-14
What is the value of 7 + -7 - (116 + -111 + (-5 - 1) + -18)?
19
-18 - (-5 + -45 + 72)
-40
-28 + (60 - 89) + 11 + -1
-47
Calculate (-3 - -6) + (-22 - -89 - (2 - (-2 + 4))).
70
Evaluate (21 - (0 - -43)) + 51.
29
What is -13 - (-46 + 159 - 87)?
-39
Calculate -100 - (6 - ((3 - (-2 - 11)) + 0)).
-90
Calculate -1 - (-15 + (-14 + -11 - -49) - (-1 + -2)).
-13
What is the value of (-63 - -1) + (-60 + (22 - -11) - -23) + -8?
-74
What is (247 - 164) + (-4 - -12 - 32)?
59
Evaluate -29 - (43 - (69 + 19)).
16
What is -13 + 118 - (-572 + 551 - (-1 + -17))?
108
-19 + (6 - 2) - (18 - 15)
-18
What is the value of 108 - (141 + 16 - 55)?
6
What is -22 + (28 - (-18 - 7))?
31
What is -2 + (8 - -35 - 16 - 14) + 0 + 39?
50
What is 362 + -261 + -12 + (8 - 18)?
79
Calculate -307 + 295 - (-6 + (8 - 3)).
-11
(22 - 26 - 21) + (-12 - -5)
-32
Evaluate -41 - ((2 - (3 + (2 - 5))) + -38 + 39).
-44
Evaluate 12 + (18 - (-2 - -26) - (-12 - -4)) + -86.
-72
15 + (-12 - -24 - -11 - 28) + (-56 - 0)
-46
What is 43 - (-8 - -20 - 46 - -4)?
73
18 + -22 + 33 + -78 + (21 - 3)
-31
What is the value of (1 - -7) + (-12 - -14) + (-90 - -100)?
20
What is -12 + (-10 - -24) + (4 - 16) - 121?
-131
What is -2 + (5 - -1) + (-13 - (44 - -36) - -38)?
-51
Evaluate (1 - 12) + 0 - (-7 - (10 + 101 + -34)).
73
Calculate 1 + -27 + 0 + 8679 + -8652.
1
Evaluate (303 + -291 - -73) + 9 + (3 - 1).
96
What is -57 - (-12 - -53 - 47)?
-51
What is -11 + -15 + 6 + 30 - 43?
-33
19 + (-38 - (18 + (-22 - -1)))
-16
Calculate 68 + (-8 - (-31 + -14 + 29 + 4)).
72
What is 1004 - 1091 - (0 + -11) - -31?
-45
Calculate 2 - -28 - (98 + -106).
38
Evaluate -1 - -49 - (80 - (1 + 71)).
40
(4 + -2 - 2) + (-556 - -532)
-24
(6 - 2 - 10) + (329 + -232 - (1 - 1))
91
What is the value of 31 + -66 + 8 + -5 + 9?
-23
6 - -6 - (19 + -64) - 15
42
Evaluate 1 + (-19 - 28 - -33) - (-10 - -1).
-4
Calculate -9 - (-17 + 11 + -7 + 13 + -30).
21
Evaluate -35 + 59 + -7 - (36 + 2).
-21
Calculate (43 - 44 - -25) + (-72 - 2).
-50
Evaluate -20 + 29 + -7 + 4 - -51.
57
Calculate (0 - 5) + -1 + -5 + -77 + 168.
80
-2 + (6 - 3) - (59 - (3 + (-11 - -23)))
-43
What is -10 - 14 - (38 - (52 + -17))?
-27
-7 - 79 - (13 - ((4 - 7) + 24))
-78
Calculate -34 + 95 + -53 + -1 + 5 + 31.
43
Calculate (18 - (49 - -5)) + 14.
-22
(3 - 36 - 13) + 44
-2
What is the value of -576 + 623 + -97 + -3?
-53
Calculate (2 - 7) + -3 + (15 - 14) + -6 + -15.
-28
-10 - (7 + (-15 - -18) - 2)
-18
(30 - -22 - 49) + (-90 + 1 - 1)
-87
What is the value of -1 + -3 + (-40 - 2 - (236 - 245) - -5)?
-32
Evaluate (-19 - 1) + (-65 - (-136 - -72)).
-21
Calculate -26 - (-4 + -72 - (94 - 120)).
24
What is 4 + -46 - (54 - 59 - 13)?
-24
8 - (-14 + (14 - -18))
-10
What is 75 - 63 - (-11 + 11) - -60?
72
What is the value of 1 + 2 + -9 + 1 - (6 - 10 - 20)?
19
What is the value of (-59 - -92) + -88 - -77?
22
What is -2392 - -2390 - (-17 - ((3 + -1 - 1) + 1))?
17
Evaluate 43 - (40 +